digit of 18590?
9
What is the thousands digit of 48709?
8
What is the tens digit of 3402?
0
What is the units digit of 88994?
4
What is the tens digit of 2788?
8
What is the hundreds digit of 3969?
9
What is the hundreds digit of 349?
3
What is the units digit of 4236?
6
What is the thousands digit of 1090?
1
What is the units digit of 3676?
6
What is the hundreds digit of 693?
6
What is the units digit of 1394?
4
What is the thousands digit of 3843?
3
What is the tens digit of 39272?
7
What is the hundreds digit of 80370?
3
What is the tens digit of 563?
6
What is the tens digit of 323?
2
What is the thousands digit of 92560?
2
What is the tens digit of 58983?
8
What is the units digit of 1076?
6
What is the tens digit of 30?
3
What is the tens digit of 295?
9
What is the hundreds digit of 107947?
9
What is the tens digit of 2092?
9
What is the tens digit of 36600?
0
What is the units digit of 6677?
7
What is the units digit of 38698?
8
What is the tens digit of 88896?
9
What is the units digit of 603?
3
What is the thousands digit of 18685?
8
What is the thousands digit of 1548?
1
What is the hundreds digit of 486?
4
What is the units digit of 177085?
5
What is the tens digit of 776?
7
What is the thousands digit of 21251?
1
What is the thousands digit of 1667?
1
What is the units digit of 6613?
3
What is the thousands digit of 3128?
3
What is the units digit of 190?
0
What is the thousands digit of 36209?
6
What is the units digit of 1744?
4
What is the thousands digit of 5855?
5
What is the ten thousands digit of 39094?
3
What is the units digit of 100?
0
What is the tens digit of 8476?
7
What is the hundreds digit of 669?
6
What is the units digit of 2708?
8
What is the thousands digit of 14862?
4
What is the units digit of 703?
3
What is the hundreds digit of 41408?
4
What is the thousands digit of 119669?
9
What is the units digit of 257?
7
What is the units digit of 5718?
8
What is the hundreds digit of 727?
7
What is the hundreds digit of 2950?
9
What is the tens digit of 62238?
3
What is the hundreds digit of 500?
5
What is the ten thousands digit of 43264?
4
What is the ten thousands digit of 173361?
7
What is the units digit of 41961?
1
What is the units digit of 355?
5
What is the thousands digit of 2838?
2
What is the thousands digit of 39268?
9
What is the hundreds digit of 9562?
5
What is the thousands digit of 4708?
4
What is the units digit of 344?
4
What is the units digit of 128?
8
What is the hundreds digit of 1925?
9
What is the units digit of 201?
1
What is the units digit of 1641?
1
What is the units digit of 5018?
8
What is the units digit of 2151?
1
What is the hundreds digit of 6059?
0
What is the hundreds digit of 6132?
1
What is the ten thousands digit of 88112?
8
What is the hundreds digit of 460?
4
What is the hundreds digit of 2746?
7
What is the tens digit of 127?
2
What is the tens digit of 2364?
6
What is the hundreds digit of 4461?
4
What is the thousands digit of 1742?
1
What is the tens digit of 6944?
4
What is the thousands digit of 3769?
3
What is the units digit of 799?
9
What is the hundreds digit of 4147?
1
What is the tens digit of 21218?
1
What is the tens digit of 1177?
7
What is the thousands digit of 5200?
5
What is the units digit of 5225?
5
What is the tens digit of 12228?
2
What is the units digit of 598?
8
What is the tens digit of 787?
8
What is the thousands digit of 2071?
2
What is the units digit of 178?
8
What is the hundreds digit of 344?
3
What is the thousands digit of 5104?
5
What is the units digit of 1926?
6
What is the units digit of 22106?
6
What is the thousands digit of 43427?
3
What is the thousands digit of 3046?
3
What is the tens digit of 271?
7
What is the units digit of 627?
7
What is the tens digit of 86120?
2
What is the hundreds digit of 8701?
7
What is the units digit of 90?
0
What is the tens digit of 600?
0
What is the hundreds digit of 9990?
9
What is the units digit of 36135?
5
What is the hundreds digit of 21122?
1
What is the units digit of 1137?
7
What is the tens digit of 112520?
2
What is the thousands digit of 9023?
9
What is the tens digit of 2031?
3
What is the thousands digit of 9916?
9
What is the units digit of 3687?
7
What is the units digit of 4097?
7
What is the hundreds digit of 2102?
1
What is the hundreds digit of 684?
6
What is the units digit of 3307?
7
What is the thousands digit of 4794?
4
What is the hundreds digit of 935?
9
What is the tens digit of 880?
8
What is the units digit of 22194?
4
What is the hundreds digit of 29830?
8
What is the units digit of 851?
1
What is the tens digit of 60980?
8
What is the units digit of 56243?
3
What is the hundred thousands digit of 120635?
1
What is the hundreds digit of 518?
5
What is the units digit of 33139?
9
What is the tens digit of 2662?
6
What is the hundreds digit of 39960?
9
What is the hundreds digit of 11994?
9
What is the thousands digit of 4363?
4
What is the thousands digit of 5359?
5
What is the hundreds digit of 1837?
8
What is the units digit of 56448?
8
What is the tens digit of 65430?
3
What is the units digit of 5498?
8
What is the tens digit of 708?
0
What is the units digit of 21566?
6
What is the ten thousands digit of 32066?
3
What is the hundreds digit of 2126?
1
What is the hundreds digit of 263?
2
What is the ten thousands digit of 72296?
7
What is the hundreds digit of 853?
8
What is the units digit of 1187?
7
What is the thousands digit of 19608?
9
What is the thousands digit of 1791?
1
What is the thousands digit of 8960?
8
What is the units digit of 73170?
0
What is the tens digit of 8345?
4
What is the units digit of 3?
3
What is the hundred thousands digit of 100746?
1
What is the ten thousands digit of 12952?
1
What is the ten thousands digit of 34882?
3
What is the ten thousands digit of 10936?
1
What is the thousands digit of 13451?
3
What is the ten thousands digit of 18203?
1
What is the hundreds digit of 4294?
2
What is the tens digit of 59104?
0
What is the tens digit of 23322?
2
What is the hundreds digit of 1507?
5
What is the hundreds digit of 4060?
0
What is the hundreds digit of 11351?
3
What is the thousands digit of 1025?
1
What is the tens digit of 5766?
6
What is the hundreds digit of 9044?
0
What is the thousands digit of 6974?
6
What is the hundreds digit of 1074?
0
What is the units digit of 41967?
7
What is the hundreds digit of 7546?
5
What is the thousands digit of 1772?
1
What is the ten thousands digit of 27829?
2
What is the units digit of 26587?
7
What is the units digit of 3467?
7
What is the ten thousands digit of 169696?
6
What is the tens digit of 3332?
3
What is the tens digit of 15223?
2
What is the units digit of 10141?
1
What is the units digit of 20775?
5
What is the thousands digit of 1651?
1
What is the units digit of 4840?
0
What is the hundreds digit of 5367?
3
What is the tens digit of 2462?
6
What is the ten thousands digit of 34367?
3
What is the ten thousands digit of 58854?
5
What is the tens digit of 2448?
4
What is the thousands digit of 8469?
8
What is the thousands digit of 12063?
2
What is the tens digit of 11336?
3
What is the hundreds digit of 33286?
2
What is the units digit of 3818?
8
What is the tens digit of 6231?
3
What is the tens digit of 7081?
8
What is the tens digit of 1514?
1
What is the units digit of 2021?
1
What is the units digit of 10502?
2
What is the thousands digit of 3295?
3
What is the tens digit of 48?
4
What is the units digit of 747?
7
What is the tens digit of 1012?
1
What is the hundreds digit of 1478?
4
What is the ten thousands digit of 67620?
6
What is the thousands digit of 131425?
1
What is the units digit of 24333?
3
What is the units digit of 1952?
2
What is the thousands digit of 1764?
1
What is the hundreds digit of 3787?
7
What is the tens digit of 49?
4
What is the thousands digit of 2515?
2
What is the tens digit of 139?
3
What is the units digit of 1300?
0
What is the thousands digit of 30590?
0
What is the tens digit of 17039?
3
What is the ten thousands digit of 33095?
3
What is the tens digit of 832?
3
What is the hundreds digit of 255?
2
What is the thousands digit of 23347?
3
What is the tens digit of 582?
8
What is the tens digit of 1499?
9
What is the units digit of 21